{"id":220,"date":"2021-02-12T11:05:06","date_gmt":"2021-02-12T10:05:06","guid":{"rendered":"http:\/\/pec.swinoujscie.pl\/?page_id=220"},"modified":"2021-02-12T11:05:06","modified_gmt":"2021-02-12T10:05:06","slug":"o-firmie","status":"publish","type":"page","link":"https:\/\/pec.swinoujscie.pl\/index.php\/o-nas\/o-firmie\/","title":{"rendered":"O firmie"},"content":{"rendered":"<p style=\"text-align: justify;\"><span style=\"font-size: small; font-family: arial,helvetica,sans-serif; color: #000845;\"><span style=\"font-family: arial,helvetica,sans-serif; font-size: small;\"><strong>Misj\u0105 PEC Sp. z o.o. w \u015awinouj\u015bciu jest zapewnienie mieszka\u0144com Gminy Miasto \u015awinouj\u015bcie sta\u0142ych i nieprzerwanych dostaw energii cieplnej przy zapewnieniu sprawno\u015bci stosowanej infrastruktury i z uwzgl\u0119dnieniem racjonalnego poziomu koszt\u00f3w.<\/strong><\/span><\/span><\/p>\n<p><span style=\"font-family: arial,helvetica,sans-serif;\"><span style=\"font-size: small;\"><span style=\"color: #000845;\">Przedsi\u0119biorstwo Energetyki Cieplnej Sp.z.o.o. w \u015awinouj\u015bciu jest g\u0142\u00f3wnym dostawc\u0119 energii cieplnej w \u015awinouj\u015bciu. Zaopatruje w ciep\u0142o blisko 70% mieszka\u0144c\u00f3w miasta. Przedsi\u0119biorstwo posiada jedn\u0105 ciep\u0142owni\u0119, zlokalizowan\u0105 w pobli\u017cu centrum miasta. Dzi\u0119ki tej lokalizacji oraz spalaniu dost\u0119pnego i niedrogiego paliwa (w\u0119giel kamienny) PEC Sp. z o.o. dostarcza ciep\u0142o mieszka\u0144com \u015awinouj\u015bcia w najni\u017cszej cenie na lokalnym rynku ciep\u0142a. System ciep\u0142owniczy Miasta \u015awinouj\u015bcia oparty o przesy\u0142 ciep\u0142a z wykorzystaniem wody jest systemem bezpiecznym dla u\u017cytkownik\u00f3w. Dzi\u0119ki temu jak r\u00f3wnie\u017c ze wzgl\u0119du na niski koszt energii i niskie koszty inwestycyjne przy\u0142\u0105czenia, cieszy si\u0119 du\u017cym zainteresowaniem odbiorc\u00f3w ciep\u0142a.<br \/><\/span><br \/><span style=\"color: #000845;\">Dzi\u0119ki wysokiemu re\u017cimowi technologicznemu oraz wykwalifikowanej obs\u0142udze jak r\u00f3wnie\u017c ci\u0105g\u0142ym inwestycjom proekologicznym, Sp\u00f3\u0142ka utrzymuje wysokie wymagania ochrony \u015brodowiska naturalnego.<\/span><\/p>\n<p><span style=\"color: #000845;\">Przedmiotem Dzia\u0142alno\u015bci Sp\u00f3\u0142ki jest:<\/span><br \/><span style=\"color: #000845;\">&#8211; koncesjonowana produkcja oraz przesy\u0142 i dystrybucja ciep\u0142a,<\/span><br \/><span style=\"color: #000845;\">&#8211; eksploatacja instalacji i urz\u0105dze\u0144 wytwarzania, przesy\u0142u i rozdzia\u0142u ciep\u0142a,<\/span><br \/><span style=\"color: #000845;\">&#8211; modernizacja instalacji odbiorczych centralnego ogrzewania i ciep\u0142ej wody u\u017cytkowej,<\/span><br \/><span style=\"color: #000845;\">&#8211; wydawanie warunk\u00f3w technicznych przy\u0142\u0105czenia do sieci ciep\u0142owniczej,<\/span><br \/><span style=\"color: #000845;\">&#8211; wsp\u00f3\u0142praca przy tworzeniu plan\u00f3w rozbudowy i modernizacji system\u00f3w ciep\u0142owniczych,<\/span><br \/><span style=\"color: #000845;\">&#8211; opiniowanie techniczne i eksploatacyjne urz\u0105dze\u0144 s\u0142u\u017c\u0105cych do wytwarzania, przesy\u0142u i rozdzia\u0142u energii cieplnej,<\/span><br \/><span style=\"color: #000845;\">&#8211; propagowanie energooszcz\u0119dnych rozwi\u0105za\u0144 w zakresie budownictwa,<\/span><br \/><span style=\"color: #000845;\">&#8211; us\u0142ugi remontowe,<\/span><br \/><span style=\"color: #000845;\">&#8211; zast\u0119pstwo inwestycyjne i koordynacja inwestycji,<\/span><br \/><\/span><span style=\"font-size: small;\"><span style=\"color: #000845;\">&#8211; prowadzenie prac budowlanych z zakresu budowy, przebudowy i modernizacji urz\u0105dze\u0144 ciep\u0142owniczych.<\/span><\/span><span style=\"font-size: small;\"><br \/><\/span><\/span><\/p>\n","protected":false},"excerpt":{"rendered":"<p>Misj\u0105 PEC Sp. z o.o. w \u015awinouj\u015bciu jest zapewnienie mieszka\u0144com Gminy Miasto \u015awinouj\u015bcie sta\u0142ych i nieprzerwanych dostaw energii cieplnej przy zapewnieniu sprawno\u015bci stosowanej infrastruktury i z uwzgl\u0119dnieniem racjonalnego poziomu koszt\u00f3w. Przedsi\u0119biorstwo Energetyki Cieplnej Sp.z.o.o. w \u015awinouj\u015bciu jest g\u0142\u00f3wnym dostawc\u0119 energii cieplnej w \u015awinouj\u015bciu. Zaopatruje w ciep\u0142o blisko 70% mieszka\u0144c\u00f3w miasta. Przedsi\u0119biorstwo posiada jedn\u0105 ciep\u0142owni\u0119, zlokalizowan\u0105 w pobli\u017cu centrum miasta. Dzi\u0119ki tej lokalizacji oraz spalaniu dost\u0119pnego i niedrogiego paliwa (w\u0119giel kamienny) PEC Sp. z o.o. dostarcza ciep\u0142o mieszka\u0144com \u015awinouj\u015bcia w najni\u017cszej cenie na lokalnym rynku ciep\u0142a. System ciep\u0142owniczy Miasta \u015awinouj\u015bcia oparty o przesy\u0142 ciep\u0142a z wykorzystaniem wody jest systemem bezpiecznym dla &hellip;<\/p>\n","protected":false},"author":1,"featured_media":0,"parent":6,"menu_order":0,"comment_status":"closed","ping_status":"closed","template":"","meta":{"footnotes":""},"class_list":["post-220","page","type-page","status-publish","hentry"],"publishpress_future_action":{"enabled":false,"date":"2026-05-10 15:26:48","action":"change-status","newStatus":"draft","terms":[],"taxonomy":"","extraData":[]},"publishpress_future_workflow_manual_trigger":{"enabledWorkflows":[]},"_links":{"self":[{"href":"https:\/\/pec.swinoujscie.pl\/index.php\/wp-json\/wp\/v2\/pages\/220","targetHints":{"allow":["GET"]}}],"collection":[{"href":"https:\/\/pec.swinoujscie.pl\/index.php\/wp-json\/wp\/v2\/pages"}],"about":[{"href":"https:\/\/pec.swinoujscie.pl\/index.php\/wp-json\/wp\/v2\/types\/page"}],"author":[{"embeddable":true,"href":"https:\/\/pec.swinoujscie.pl\/index.php\/wp-json\/wp\/v2\/users\/1"}],"replies":[{"embeddable":true,"href":"https:\/\/pec.swinoujscie.pl\/index.php\/wp-json\/wp\/v2\/comments?post=220"}],"version-history":[{"count":1,"href":"https:\/\/pec.swinoujscie.pl\/index.php\/wp-json\/wp\/v2\/pages\/220\/revisions"}],"predecessor-version":[{"id":221,"href":"https:\/\/pec.swinoujscie.pl\/index.php\/wp-json\/wp\/v2\/pages\/220\/revisions\/221"}],"up":[{"embeddable":true,"href":"https:\/\/pec.swinoujscie.pl\/index.php\/wp-json\/wp\/v2\/pages\/6"}],"wp:attachment":[{"href":"https:\/\/pec.swinoujscie.pl\/index.php\/wp-json\/wp\/v2\/media?parent=220"}],"curies":[{"name":"wp","href":"https:\/\/api.w.org\/{rel}","templated":true}]}}