{"id":228,"date":"2021-02-12T11:12:50","date_gmt":"2021-02-12T10:12:50","guid":{"rendered":"http:\/\/pec.swinoujscie.pl\/?page_id=228"},"modified":"2021-02-12T11:12:50","modified_gmt":"2021-02-12T10:12:50","slug":"wladze-spolki","status":"publish","type":"page","link":"https:\/\/pec.swinoujscie.pl\/index.php\/o-nas\/wladze-spolki\/","title":{"rendered":"W\u0142adze sp\u00f3\u0142ki"},"content":{"rendered":"<p><span style=\"font-family: arial,helvetica,sans-serif; font-size: small; color: #000845;\">Przedsi\u0119biorstwo Energetyki Cieplnej w \u015awinouj\u015bciu jest Sp\u00f3\u0142k\u0105 z ograniczon\u0105 odpowiedzialno\u015bci\u0105, w zwi\u0105zku z powy\u017cszym organami Sp\u00f3\u0142ki s\u0105:<\/span><\/p>\n<p><span style=\"font-family: arial,helvetica,sans-serif; font-size: small; color: #000845;\"><strong>1. ZGROMADZENIE WSP\u00d3LNIK\u00d3W:<\/strong><\/span><\/p>\n<p><span style=\"font-family: arial,helvetica,sans-serif; font-size: small; color: #000845;\">Jeste\u015bmy firm\u0105 komunaln\u0105 ze 100% kapita\u0142em polskim. Naszym w\u0142a\u015bcicielem jest miasto \u015awinouj\u015bcie.<br \/><\/span><br \/><span style=\"font-family: arial,helvetica,sans-serif; font-size: small; color: #000845;\"><strong>2. RADA NADZORCZA:<\/strong><\/span><\/p>\n<p><span style=\"color: #000845; font-family: arial,helvetica,sans-serif; font-size: small;\">Organ nadzoruj\u0105co &#8211; kontrolno &#8211; doradczy, powo\u0142ywany i odwo\u0142ywany przez Zgromadzenie Wsp\u00f3lnik\u00f3w. Rada sk\u0142ada si\u0119 z pi\u0119ciu os\u00f3b, trzy osoby wybiera w\u0142a\u015bciciel, dwie wybieraj\u0105 pracownicy Sp\u00f3\u0142ki.<\/span><br \/><span style=\"color: #000845; font-family: arial,helvetica,sans-serif; font-size: small;\">Kadencja Rady Nadzorczej trwa 3 lata.<\/span><br style=\"font-family: arial,helvetica,sans-serif; font-size: small; color: #000845;\" \/><br \/><span style=\"font-family: arial,helvetica,sans-serif; font-size: small; color: #000845;\"><strong>3.ZARZ\u0104D:<\/strong><\/span><\/p>\n<p><span style=\"color: #000845; font-family: arial,helvetica,sans-serif; font-size: small;\">Zarz\u0105d Sp\u00f3\u0142ki mo\u017ce sk\u0142ada\u0107 si\u0119 z jednego do trzech cz\u0142onk\u00f3w. Kadencja Zarz\u0105du trwa 3 lata.<\/span><br \/><span style=\"color: #000845; font-family: arial,helvetica,sans-serif; font-size: small;\">Zarz\u0105d do wykonywania czynno\u015bci s\u0105dowych i pozas\u0105dowych powo\u0142a\u0142 prokurenta, kt\u00f3remu udzieli\u0142 prokury samoistnej.<\/span><\/p>\n","protected":false},"excerpt":{"rendered":"<p>Przedsi\u0119biorstwo Energetyki Cieplnej w \u015awinouj\u015bciu jest Sp\u00f3\u0142k\u0105 z ograniczon\u0105 odpowiedzialno\u015bci\u0105, w zwi\u0105zku z powy\u017cszym organami Sp\u00f3\u0142ki s\u0105: 1. ZGROMADZENIE WSP\u00d3LNIK\u00d3W: Jeste\u015bmy firm\u0105 komunaln\u0105 ze 100% kapita\u0142em polskim. Naszym w\u0142a\u015bcicielem jest miasto \u015awinouj\u015bcie.2. RADA NADZORCZA: Organ nadzoruj\u0105co &#8211; kontrolno &#8211; doradczy, powo\u0142ywany i odwo\u0142ywany przez Zgromadzenie Wsp\u00f3lnik\u00f3w. Rada sk\u0142ada si\u0119 z pi\u0119ciu os\u00f3b, trzy osoby wybiera w\u0142a\u015bciciel, dwie wybieraj\u0105 pracownicy Sp\u00f3\u0142ki.Kadencja Rady Nadzorczej trwa 3 lata.3.ZARZ\u0104D: Zarz\u0105d Sp\u00f3\u0142ki mo\u017ce sk\u0142ada\u0107 si\u0119 z jednego do trzech cz\u0142onk\u00f3w. Kadencja Zarz\u0105du trwa 3 lata.Zarz\u0105d do wykonywania czynno\u015bci s\u0105dowych i pozas\u0105dowych powo\u0142a\u0142 prokurenta, kt\u00f3remu udzieli\u0142 prokury samoistnej.<\/p>\n","protected":false},"author":1,"featured_media":0,"parent":6,"menu_order":0,"comment_status":"closed","ping_status":"closed","template":"","meta":{"footnotes":""},"class_list":["post-228","page","type-page","status-publish","hentry"],"publishpress_future_action":{"enabled":false,"date":"2026-05-10 17:05:29","action":"change-status","newStatus":"draft","terms":[],"taxonomy":"","extraData":[]},"publishpress_future_workflow_manual_trigger":{"enabledWorkflows":[]},"_links":{"self":[{"href":"https:\/\/pec.swinoujscie.pl\/index.php\/wp-json\/wp\/v2\/pages\/228","targetHints":{"allow":["GET"]}}],"collection":[{"href":"https:\/\/pec.swinoujscie.pl\/index.php\/wp-json\/wp\/v2\/pages"}],"about":[{"href":"https:\/\/pec.swinoujscie.pl\/index.php\/wp-json\/wp\/v2\/types\/page"}],"author":[{"embeddable":true,"href":"https:\/\/pec.swinoujscie.pl\/index.php\/wp-json\/wp\/v2\/users\/1"}],"replies":[{"embeddable":true,"href":"https:\/\/pec.swinoujscie.pl\/index.php\/wp-json\/wp\/v2\/comments?post=228"}],"version-history":[{"count":1,"href":"https:\/\/pec.swinoujscie.pl\/index.php\/wp-json\/wp\/v2\/pages\/228\/revisions"}],"predecessor-version":[{"id":229,"href":"https:\/\/pec.swinoujscie.pl\/index.php\/wp-json\/wp\/v2\/pages\/228\/revisions\/229"}],"up":[{"embeddable":true,"href":"https:\/\/pec.swinoujscie.pl\/index.php\/wp-json\/wp\/v2\/pages\/6"}],"wp:attachment":[{"href":"https:\/\/pec.swinoujscie.pl\/index.php\/wp-json\/wp\/v2\/media?parent=228"}],"curies":[{"name":"wp","href":"https:\/\/api.w.org\/{rel}","templated":true}]}}

Władze spółki

<p><span style="font-family: arial,helvetica,sans-serif; font-size: small; color: #000845;">Przedsiębiorstwo Energetyki Cieplnej w Świnoujściu jest Spółką z ograniczoną odpowiedzialnością, w związku z powyższym organami Spółki są:</span></p>
<p><span style="font-family: arial,helvetica,sans-serif; font-size: small; color: #000845;"><strong>1. ZGROMADZENIE WSPÓLNIKÓW:</strong></span></p>
<p><span style="font-family: arial,helvetica,sans-serif; font-size: small; color: #000845;">Jesteśmy firmą komunalną ze 100% kapitałem polskim. Naszym właścicielem jest miasto Świnoujście.<br /></span><br /><span style="font-family: arial,helvetica,sans-serif; font-size: small; color: #000845;"><strong>2. RADA NADZORCZA:</strong></span></p>
<p><span style="color: #000845; font-family: arial,helvetica,sans-serif; font-size: small;">Organ nadzorująco &#8211; kontrolno &#8211; doradczy, powoływany i odwoływany przez Zgromadzenie Wspólników. Rada składa się z pięciu osób, trzy osoby wybiera właściciel, dwie wybierają pracownicy Spółki.</span><br /><span style="color: #000845; font-family: arial,helvetica,sans-serif; font-size: small;">Kadencja Rady Nadzorczej trwa 3 lata.</span><br style="font-family: arial,helvetica,sans-serif; font-size: small; color: #000845;" /><br /><span style="font-family: arial,helvetica,sans-serif; font-size: small; color: #000845;"><strong>3.ZARZĄD:</strong></span></p>
<p><span style="color: #000845; font-family: arial,helvetica,sans-serif; font-size: small;">Zarząd Spółki może składać się z jednego do trzech członków. Kadencja Zarządu trwa 3 lata.</span><br /><span style="color: #000845; font-family: arial,helvetica,sans-serif; font-size: small;">Zarząd do wykonywania czynności sądowych i pozasądowych powołał prokurenta, któremu udzielił prokury samoistnej.</span></p>

<p>Przedsiębiorstwo Energetyki Cieplnej w Świnoujściu jest Spółką z ograniczoną odpowiedzialnością, w związku z powyższym organami Spółki są: 1. ZGROMADZENIE WSPÓLNIKÓW: Jesteśmy firmą komunalną ze 100% kapitałem polskim. Naszym właścicielem jest miasto Świnoujście.2. RADA NADZORCZA: Organ nadzorująco &#8211; kontrolno &#8211; doradczy, powoływany i odwoływany przez Zgromadzenie Wspólników. Rada składa się z pięciu osób, trzy osoby wybiera właściciel, dwie wybierają pracownicy Spółki.Kadencja Rady Nadzorczej trwa 3 lata.3.ZARZĄD: Zarząd Spółki może składać się z jednego do trzech członków. Kadencja Zarządu trwa 3 lata.Zarząd do wykonywania czynności sądowych i pozasądowych powołał prokurenta, któremu udzielił prokury samoistnej.</p>
