{"id":269,"date":"2021-02-15T15:09:24","date_gmt":"2021-02-15T14:09:24","guid":{"rendered":"http:\/\/pec.swinoujscie.pl\/?page_id=269"},"modified":"2021-02-15T20:12:49","modified_gmt":"2021-02-15T19:12:49","slug":"regulamin-postepowania-przy-udzielaniu-zamowien","status":"publish","type":"page","link":"https:\/\/pec.swinoujscie.pl\/index.php\/przetargi\/regulamin-postepowania-przy-udzielaniu-zamowien\/","title":{"rendered":"Regulamin post\u0119powania przy udzielaniu zam\u00f3wie\u0144"},"content":{"rendered":"<p>Regulamin post\u0119powania przy udzielaniu zam\u00f3wie\u0144 przez PEC Sp. z o.o. w \u015awinouj\u015bciu, dost\u0119pny jest <a href=\"http:\/\/pec2.home.pl\/pliki\/regulamin_zamowien.pdf\" target=\"_blank\" rel=\"noopener\">tutaj.<\/a><\/p>\n","protected":false},"excerpt":{"rendered":"<p>Regulamin post\u0119powania przy udzielaniu zam\u00f3wie\u0144 przez PEC Sp. z o.o. w \u015awinouj\u015bciu, dost\u0119pny jest tutaj.<\/p>\n","protected":false},"author":1,"featured_media":0,"parent":88,"menu_order":0,"comment_status":"closed","ping_status":"closed","template":"","meta":{"footnotes":""},"class_list":["post-269","page","type-page","status-publish","hentry"],"publishpress_future_action":{"enabled":false,"date":"2026-05-10 13:12:28","action":"change-status","newStatus":"draft","terms":[],"taxonomy":"","extraData":[]},"publishpress_future_workflow_manual_trigger":{"enabledWorkflows":[]},"_links":{"self":[{"href":"https:\/\/pec.swinoujscie.pl\/index.php\/wp-json\/wp\/v2\/pages\/269","targetHints":{"allow":["GET"]}}],"collection":[{"href":"https:\/\/pec.swinoujscie.pl\/index.php\/wp-json\/wp\/v2\/pages"}],"about":[{"href":"https:\/\/pec.swinoujscie.pl\/index.php\/wp-json\/wp\/v2\/types\/page"}],"author":[{"embeddable":true,"href":"https:\/\/pec.swinoujscie.pl\/index.php\/wp-json\/wp\/v2\/users\/1"}],"replies":[{"embeddable":true,"href":"https:\/\/pec.swinoujscie.pl\/index.php\/wp-json\/wp\/v2\/comments?post=269"}],"version-history":[{"count":3,"href":"https:\/\/pec.swinoujscie.pl\/index.php\/wp-json\/wp\/v2\/pages\/269\/revisions"}],"predecessor-version":[{"id":272,"href":"https:\/\/pec.swinoujscie.pl\/index.php\/wp-json\/wp\/v2\/pages\/269\/revisions\/272"}],"up":[{"embeddable":true,"href":"https:\/\/pec.swinoujscie.pl\/index.php\/wp-json\/wp\/v2\/pages\/88"}],"wp:attachment":[{"href":"https:\/\/pec.swinoujscie.pl\/index.php\/wp-json\/wp\/v2\/media?parent=269"}],"curies":[{"name":"wp","href":"https:\/\/api.w.org\/{rel}","templated":true}]}}