{"id":315,"date":"2021-02-24T08:24:45","date_gmt":"2021-02-24T07:24:45","guid":{"rendered":"http:\/\/pec.swinoujscie.pl\/?page_id=315"},"modified":"2021-02-24T08:24:45","modified_gmt":"2021-02-24T07:24:45","slug":"korzysci-ciepla-systemowego","status":"publish","type":"page","link":"https:\/\/pec.swinoujscie.pl\/index.php\/cieplo-systemowe\/korzysci-ciepla-systemowego\/","title":{"rendered":"Korzy\u015bci ciep\u0142a systemowego"},"content":{"rendered":"<div style=\"text-align: justify;\"><span style=\"font-family: arial,helvetica,sans-serif; font-size: small; color: #000845;\">Oferowane przez PEC Sp. z o.o. w \u015awinouj\u015bciu Ciep\u0142o Systemowe to nowoczesny spos\u00f3b ogrzewania, kt\u00f3ry pozwala w bezpieczny i bezobs\u0142ugowy spos\u00f3b zapewni\u0107 komfort cieplny oraz dostaw\u0119 ciep\u0142ej wody bez wzgl\u0119du na por\u0119 roku. Ciep\u0142o Systemowe mo\u017ce by\u0107 wykorzystywane r\u00f3wnie\u017c na potrzeby przemys\u0142owe \u2013 np. wentylacji budynku. <\/span><\/div>\n<div style=\"text-align: justify;\"><span style=\"font-family: arial,helvetica,sans-serif; font-size: small; color: #000845;\">Produkt zosta\u0142 nagrodzony god\u0142em Teraz Polska. Ciep\u0142o Systemowe codziennie ogrzewa pond 15 mln Polak\u00f3w.<\/span><\/div>\n<div style=\"text-align: justify;\"><span style=\"font-family: arial,helvetica,sans-serif; font-size: small; color: #000845;\">Korzy\u015bci proponowanego \u017ar\u00f3d\u0142a ogrzewania: <\/span><\/div>\n<div style=\"text-align: justify;\"><span style=\"font-family: arial,helvetica,sans-serif; font-size: small; color: #000845;\">\u2022 Komfort<\/span><\/div>\n<div style=\"text-align: justify;\"><span style=\"font-family: arial,helvetica,sans-serif; font-size: small; color: #000845;\">Ciep\u0142o Systemowe to komfort korzystania z ogrzewania i ciep\u0142ej wody o \u015bci\u015ble okre\u015blonych parametrach, w ka\u017cdym momencie. Zapewniaj\u0105c sta\u0142\u0105, optymaln\u0105 temperatur\u0119 i ci\u015bnienie ciep\u0142ej wody, eliminujemy konieczno\u015b\u0107 oczekiwania na wod\u0119 o odpowiedniej temperaturze, przyczyniaj\u0105c si\u0119 tym samym do jej oszcz\u0119dzania.<\/span><\/div>\n<div style=\"text-align: justify;\"><span style=\"font-family: arial,helvetica,sans-serif; font-size: small; color: #000845;\">\u2022 Bezpiecze\u0144stwo<\/span><\/div>\n<div style=\"text-align: justify;\"><span style=\"font-family: arial,helvetica,sans-serif; font-size: small; color: #000845;\">Ciep\u0142o Systemowe to najbezpieczniejszy spos\u00f3b ogrzewania. \u0179r\u00f3d\u0142a ciep\u0142a oddalone s\u0105 od miejsca pobytu ludzi, co gwarantuje ich bezpiecze\u0144stwo. Nad niezawodno\u015bci\u0105 dostaw czuwaj\u0105 wykwalifikowani eksperci.<\/span><\/div>\n<div style=\"text-align: justify;\"><span style=\"font-family: arial,helvetica,sans-serif; font-size: small; color: #000845;\">\u2022 Ekologia<\/span><\/div>\n<div style=\"text-align: justify;\"><span style=\"font-family: arial,helvetica,sans-serif; font-size: small; color: #000845;\">Proponowany spos\u00f3b na ciep\u0142o wp\u0142ywa na dba\u0142o\u015b\u0107 o \u015brodowisko naturalne, tak cenne w naszym regionie. PEC przestrzega norm tzw. niskiej emisji. Firma inwestuje w infrastruktur\u0119 minimalizuj\u0105c zanieczyszczenia powstaj\u0105ce w wyniku produkcji ciep\u0142a.<\/span><\/div>\n<div style=\"text-align: justify;\"><span style=\"font-family: arial,helvetica,sans-serif; font-size: small; color: #000845;\">\u2022 Oszcz\u0119dno\u015bci<\/span><\/div>\n<div style=\"text-align: justify;\"><span style=\"font-family: arial,helvetica,sans-serif; font-size: small; color: #000845;\">Nasz produkt to oszcz\u0119dno\u015b\u0107 czasu i pieni\u0119dzy. To rozwi\u0105zanie konkurencyjne cenowo i charakteryzuj\u0105ce si\u0119 najni\u017csz\u0105 dynamik\u0105 wzrostu koszt\u00f3w w stosunku do innych dost\u0119pnych na rynku sposob\u00f3w ogrzewania. Dodatkowo, taryfa obecnie okre\u015blana jest w czasie, co umo\u017cliwia stabilno\u015b\u0107 i przewidywalno\u015b\u0107 koszt\u00f3w.<\/span><\/div>\n<div style=\"text-align: justify;\"><span style=\"font-family: arial,helvetica,sans-serif; font-size: small; color: #000845;\">\u2022 Zdrowie<\/span><\/div>\n<div style=\"text-align: justify;\"><span style=\"font-family: arial,helvetica,sans-serif; font-size: small; color: #000845;\">Przebywanie w ch\u0142odnych pomieszczeniach nie s\u0142u\u017cy zdrowiu. Dzi\u0119ki ci\u0105g\u0142ej dostawie ciep\u0142a, tak\u017ce w ch\u0142odne dni, mieszkanie jest zawsze ciep\u0142e i zapewnia komfortowe warunki.<\/span><\/div>\n","protected":false},"excerpt":{"rendered":"<p>Oferowane przez PEC Sp. z o.o. w \u015awinouj\u015bciu Ciep\u0142o Systemowe to nowoczesny spos\u00f3b ogrzewania, kt\u00f3ry pozwala w bezpieczny i bezobs\u0142ugowy spos\u00f3b zapewni\u0107 komfort cieplny oraz dostaw\u0119 ciep\u0142ej wody bez wzgl\u0119du na por\u0119 roku. Ciep\u0142o Systemowe mo\u017ce by\u0107 wykorzystywane r\u00f3wnie\u017c na potrzeby przemys\u0142owe \u2013 np. wentylacji budynku. Produkt zosta\u0142 nagrodzony god\u0142em Teraz Polska. Ciep\u0142o Systemowe codziennie ogrzewa pond 15 mln Polak\u00f3w. Korzy\u015bci proponowanego \u017ar\u00f3d\u0142a ogrzewania: \u2022 Komfort Ciep\u0142o Systemowe to komfort korzystania z ogrzewania i ciep\u0142ej wody o \u015bci\u015ble okre\u015blonych parametrach, w ka\u017cdym momencie. Zapewniaj\u0105c sta\u0142\u0105, optymaln\u0105 temperatur\u0119 i ci\u015bnienie ciep\u0142ej wody, eliminujemy konieczno\u015b\u0107 oczekiwania na wod\u0119 o odpowiedniej temperaturze, przyczyniaj\u0105c &hellip;<\/p>\n","protected":false},"author":1,"featured_media":0,"parent":87,"menu_order":0,"comment_status":"closed","ping_status":"closed","template":"","meta":{"footnotes":""},"class_list":["post-315","page","type-page","status-publish","hentry"],"publishpress_future_action":{"enabled":false,"date":"2026-05-10 11:19:59","action":"change-status","newStatus":"draft","terms":[],"taxonomy":"","extraData":[]},"publishpress_future_workflow_manual_trigger":{"enabledWorkflows":[]},"_links":{"self":[{"href":"https:\/\/pec.swinoujscie.pl\/index.php\/wp-json\/wp\/v2\/pages\/315","targetHints":{"allow":["GET"]}}],"collection":[{"href":"https:\/\/pec.swinoujscie.pl\/index.php\/wp-json\/wp\/v2\/pages"}],"about":[{"href":"https:\/\/pec.swinoujscie.pl\/index.php\/wp-json\/wp\/v2\/types\/page"}],"author":[{"embeddable":true,"href":"https:\/\/pec.swinoujscie.pl\/index.php\/wp-json\/wp\/v2\/users\/1"}],"replies":[{"embeddable":true,"href":"https:\/\/pec.swinoujscie.pl\/index.php\/wp-json\/wp\/v2\/comments?post=315"}],"version-history":[{"count":1,"href":"https:\/\/pec.swinoujscie.pl\/index.php\/wp-json\/wp\/v2\/pages\/315\/revisions"}],"predecessor-version":[{"id":316,"href":"https:\/\/pec.swinoujscie.pl\/index.php\/wp-json\/wp\/v2\/pages\/315\/revisions\/316"}],"up":[{"embeddable":true,"href":"https:\/\/pec.swinoujscie.pl\/index.php\/wp-json\/wp\/v2\/pages\/87"}],"wp:attachment":[{"href":"https:\/\/pec.swinoujscie.pl\/index.php\/wp-json\/wp\/v2\/media?parent=315"}],"curies":[{"name":"wp","href":"https:\/\/api.w.org\/{rel}","templated":true}]}}